{"id":3441,"date":"2025-01-04T09:24:37","date_gmt":"2025-01-04T09:24:37","guid":{"rendered":"https:\/\/www.mediaformlanguages.org\/?page_id=3441"},"modified":"2026-01-02T15:40:00","modified_gmt":"2026-01-02T15:40:00","slug":"calendario-formazione-del-personale-esol","status":"publish","type":"page","link":"https:\/\/www.mediaformlanguages.org\/esol\/calendario-formazione-del-personale-esol\/","title":{"rendered":"CALENDARIO FORMAZIONE DEL PERSONALE ESOL"},"content":{"rendered":"<section class=\"kc-elm kc-css-929586 kc_row\"><div class=\"kc-row-container  kc-container\"><div class=\"kc-wrap-columns\"><div class=\"kc-elm kc-css-175108 kc_col-sm-12 kc_column kc_col-sm-12\"><div class=\"kc-col-container\"><div class=\"kc-elm kc-css-374851 kc_row kc_row_inner\"><div class=\"kc-elm kc-css-18125 kc_col-sm-11 kc_column_inner kc_col-sm-11\"><div class=\"kc_wrapper kc-col-inner-container\"><div class=\"kc-elm kc-css-575031 kc_text_block\"><\/p>\n<h2 data-start=\"185\" data-end=\"244\"><strong data-start=\"185\" data-end=\"244\">Mediaform per la Sostenibilit\u00e0 e la Formazione Continua<\/strong><\/h2>\n<p class=\"\" data-start=\"246\" data-end=\"752\">Mediaform promuove un modello di sviluppo sostenibile anche attraverso la formazione del proprio personale. Ogni attivit\u00e0 formativa \u00e8 pianificata nel rispetto dei principi di qualit\u00e0, inclusione e innovazione, contribuendo alla crescita professionale continua e responsabile. Il calendario delle attivit\u00e0 rappresenta l\u2019impegno concreto dell\u2019ente verso una formazione coerente con gli obiettivi dell\u2019Agenda 2030, valorizzando il capitale umano in un\u2019ottica di sostenibilit\u00e0 ambientale, sociale ed educativa.<\/p>\n<p><a style=\"display: inline-flex; align-items: center; padding: 12px 20px; background-color: #2e7d32; color: white; text-decoration: none; border-radius: 6px; font-size: 16px; font-family: Arial, sans-serif;\" href=\"https:\/\/www.mediaformlanguages.org\/mediaform-per-la-sostenibilita-ambientale\/\" target=\"_blank\" rel=\"noopener\"><br \/>\ud83c\udf40 <span style=\"margin-left: 10px;\">Scopri il nostro impegno per l\u2019ambiente<\/span><br \/><\/a><\/p>\n<p>\n<\/div><\/div><\/div><div class=\"kc-elm kc-css-702628 kc_col-sm-2 kc_column_inner kc_col-sm-2\"><div class=\"kc_wrapper kc-col-inner-container\"><div class=\"kc-elm kc-css-286955 kc_shortcode kc_single_image\">\n\n        <a  href=\"https:\/\/www.mediaformlanguages.org\/mediaform-per-la-sostenibilita-ambientale\/\" title=\"Mediaform per la sostenibilit\u00e0 ambientale\" target=\"_self\">\n        <img decoding=\"async\" src=\"https:\/\/www.mediaformlanguages.org\/esol\/wp-content\/uploads\/2025\/05\/logo-mediaform-per-la-sostenibilita-3-e1746266843222.png\" class=\"\" alt=\"\" \/>    <\/a>\n    <\/div>\n<\/div><\/div><\/div><div class=\"kc-elm kc-css-395051 kc_row kc_row_inner\"><div class=\"kc-elm kc-css-80034 kc_col-sm-12 kc_column_inner kc_col-sm-12\"><div class=\"kc_wrapper kc-col-inner-container\"><div class=\"kc-elm kc-css-259691 kc_row kc_row_inner\"><div class=\"kc-elm kc-css-424337 kc_col-sm-12 kc_column_inner kc_col-sm-12\"><div class=\"kc_wrapper kc-col-inner-container\"><div class=\"kc-elm kc-css-861533 kc_text_block\"><\/p>\n<h1>2023<\/h1>\n<p>\n<\/div>\n<div class=\"kc-elm kc-css-524369 kc-pro-button kc-button-main\">\n\t<a href=\"https:\/\/www.mediaformlanguages.org\/formazione-personale-mediaform-esol-2023\/\" title=\"Formazione del Personale Mediaform ESOL Qualifications 2023\">\n\t\t<span class=\"creative_title\">APRI FORMAZIONE DEL PERSONALE MEDIAFORM ESOL 2023<\/span>\t<\/a>\n<\/div>\n\n<div class=\"kc-elm kc-css-187071 divider_line\">\n\t<div class=\"divider_inner divider_line3\">\n\t\t<span class=\"line_text\">2023-Conclusi<\/span>\t<\/div>\n<\/div>\n<div class=\"kc-elm kc-css-815952 kc_shortcode kc_progress_bars \" data-style=\"1\"><div class=\"progress-item\"><span class=\"label\">TEST DEVELOPER<\/span><div class=\"kc-ui-progress-bar kc-ui-progress-bar1 kc-progress-bar kc-ui-container\"><div class=\"kc-ui-progress kc-ui-progress1\" style=\"width: 100%\" data-value=\"100\" data-speed=\"2000\"><div class=\"ui-label\">\n\t\t\t\t\t<span class=\"value\">100%<\/span>\n\t\t\t\t<\/div><\/div><\/div><\/div><div class=\"progress-item\"><span class=\"label\">CORRETTORE<\/span><div class=\"kc-ui-progress-bar kc-ui-progress-bar1 kc-progress-bar kc-ui-container\"><div class=\"kc-ui-progress kc-ui-progress1\" style=\"width: 100%\" data-value=\"100\" data-speed=\"2000\"><div class=\"ui-label\">\n\t\t\t\t\t<span class=\"value\">100%<\/span>\n\t\t\t\t<\/div><\/div><\/div><\/div><div class=\"progress-item\"><span class=\"label\">ESAMINATORE<\/span><div class=\"kc-ui-progress-bar kc-ui-progress-bar1 kc-progress-bar kc-ui-container\"><div class=\"kc-ui-progress kc-ui-progress1\" style=\"width: 100%\" data-value=\"100\" data-speed=\"2000\"><div class=\"ui-label\">\n\t\t\t\t\t<span class=\"value\">100%<\/span>\n\t\t\t\t<\/div><\/div><\/div><\/div><\/div><\/div><\/div><\/div><div class=\"kc-elm kc-css-949293 kc_row kc_row_inner\"><div class=\"kc-elm kc-css-63892 kc_col-sm-12 kc_column_inner kc_col-sm-12\"><div class=\"kc_wrapper kc-col-inner-container\"><div class=\"kc-elm kc-css-625101 kc_text_block\"><\/p>\n<h1>2024<\/h1>\n<p>\n<\/div>\n<div class=\"kc-elm kc-css-543550 kc-pro-button kc-button-main\">\n\t<a href=\"https:\/\/www.mediaformlanguages.org\/formazione-personale-mediaform-esol-2024-2-2\/\" title=\"Formazione del Personale Mediaform ESOL Qualifications 2024\">\n\t\t<span class=\"creative_title\">APRI FORMAZIONE DEL PERSONALE MEDIAFORM ESOL 2024<\/span>\t<\/a>\n<\/div>\n\n<div class=\"kc-elm kc-css-872703 divider_line\">\n\t<div class=\"divider_inner divider_line3\">\n\t\t<span class=\"line_text\">2024-Conclusi<\/span>\t<\/div>\n<\/div>\n<div class=\"kc-elm kc-css-273071 kc_shortcode kc_progress_bars \" data-style=\"1\"><div class=\"progress-item\"><span class=\"label\">TEST DEVELOPER<\/span><div class=\"kc-ui-progress-bar kc-ui-progress-bar1 kc-progress-bar kc-ui-container\"><div class=\"kc-ui-progress kc-ui-progress1\" style=\"width: 100%\" data-value=\"100\" data-speed=\"2000\"><div class=\"ui-label\">\n\t\t\t\t\t<span class=\"value\">100%<\/span>\n\t\t\t\t<\/div><\/div><\/div><\/div><div class=\"progress-item\"><span class=\"label\">CORRETTORE<\/span><div class=\"kc-ui-progress-bar kc-ui-progress-bar1 kc-progress-bar kc-ui-container\"><div class=\"kc-ui-progress kc-ui-progress1\" style=\"width: 100%\" data-value=\"100\" data-speed=\"2000\"><div class=\"ui-label\">\n\t\t\t\t\t<span class=\"value\">100%<\/span>\n\t\t\t\t<\/div><\/div><\/div><\/div><div class=\"progress-item\"><span class=\"label\">ESAMINATORE<\/span><div class=\"kc-ui-progress-bar kc-ui-progress-bar1 kc-progress-bar kc-ui-container\"><div class=\"kc-ui-progress kc-ui-progress1\" style=\"width: 100%\" data-value=\"100\" data-speed=\"2000\"><div class=\"ui-label\">\n\t\t\t\t\t<span class=\"value\">100%<\/span>\n\t\t\t\t<\/div><\/div><\/div><\/div><\/div><\/div><\/div><\/div><\/div><\/div><\/div><div class=\"kc-elm kc-css-204529 kc_row kc_row_inner\"><div class=\"kc-elm kc-css-705553 kc_col-sm-12 kc_column_inner kc_col-sm-12\"><div class=\"kc_wrapper kc-col-inner-container\"><div class=\"kc-elm kc-css-547917 kc_row kc_row_inner\"><div class=\"kc-elm kc-css-375889 kc_col-sm-12 kc_column_inner kc_col-sm-12\"><div class=\"kc_wrapper kc-col-inner-container\"><div class=\"kc-elm kc-css-664239 kc_text_block\"><\/p>\n<h1>2025<\/h1>\n<p>\n<\/div>\n<div class=\"kc-elm kc-css-824446 kc-pro-button kc-button-main\">\n\t<a href=\"https:\/\/www.mediaformlanguages.org\/formazione-personale-mediaform-dile-2024-3\/\" title=\"Formazione del Personale Mediaform ESOL QUALIFICATIONS 2025\">\n\t\t<span class=\"creative_title\">APRI FORMAZIONE DEL PERSONALE MEDIAFORM ESOL 2025<\/span>\t<\/a>\n<\/div>\n\n<div class=\"kc-elm kc-css-254782 divider_line\">\n\t<div class=\"divider_inner divider_line3\">\n\t\t<span class=\"line_text\">2025-Conclusi<\/span>\t<\/div>\n<\/div>\n<div class=\"kc-elm kc-css-92625 kc_shortcode kc_progress_bars \" data-style=\"1\"><div class=\"progress-item\"><span class=\"label\">TEST DEVELOPER<\/span><div class=\"kc-ui-progress-bar kc-ui-progress-bar1 kc-progress-bar kc-ui-container\"><div class=\"kc-ui-progress kc-ui-progress1\" style=\"width: 100%\" data-value=\"100\" data-speed=\"2000\"><div class=\"ui-label\">\n\t\t\t\t\t<span class=\"value\">100%<\/span>\n\t\t\t\t<\/div><\/div><\/div><\/div><div class=\"progress-item\"><span class=\"label\">CORRETTORE<\/span><div class=\"kc-ui-progress-bar kc-ui-progress-bar1 kc-progress-bar kc-ui-container\"><div class=\"kc-ui-progress kc-ui-progress1\" style=\"width: 100%\" data-value=\"100\" data-speed=\"2000\"><div class=\"ui-label\">\n\t\t\t\t\t<span class=\"value\">100%<\/span>\n\t\t\t\t<\/div><\/div><\/div><\/div><div class=\"progress-item\"><span class=\"label\">ESAMINATORE<\/span><div class=\"kc-ui-progress-bar kc-ui-progress-bar1 kc-progress-bar kc-ui-container\"><div class=\"kc-ui-progress kc-ui-progress1\" style=\"width: 100%\" data-value=\"100\" data-speed=\"2000\"><div class=\"ui-label\">\n\t\t\t\t\t<span class=\"value\">100%<\/span>\n\t\t\t\t<\/div><\/div><\/div><\/div><\/div><\/div><\/div><\/div><\/div><\/div><\/div><div class=\"kc-elm kc-css-417417 kc_row kc_row_inner\"><div class=\"kc-elm kc-css-833264 kc_col-sm-12 kc_column_inner kc_col-sm-12\"><div class=\"kc_wrapper kc-col-inner-container\"><div class=\"kc-elm kc-css-189852 kc_row kc_row_inner\"><div class=\"kc-elm kc-css-435196 kc_col-sm-12 kc_column_inner kc_col-sm-12\"><div class=\"kc_wrapper kc-col-inner-container\"><div class=\"kc-elm kc-css-600741 kc_text_block\"><\/p>\n<h1>2026<\/h1>\n<p>\n<\/div>\n<div class=\"kc-elm kc-css-598873 kc-pro-button kc-button-main\">\n\t<a href=\"https:\/\/www.mediaformlanguages.org\/formazione-personale-mediaform-esol-2026\/\" title=\"Formazione del Personale Mediaform ESOL QUALIFICATIONS 2026\">\n\t\t<span class=\"creative_title\">APRI FORMAZIONE DEL PERSONALE MEDIAFORM ESOL 2026<\/span>\t<\/a>\n<\/div>\n\n<div class=\"kc-elm kc-css-122502 divider_line\">\n\t<div class=\"divider_inner divider_line3\">\n\t\t<span class=\"line_text\">2026-In programmazione<\/span>\t<\/div>\n<\/div>\n<\/div><\/div><\/div><\/div><\/div><\/div><\/div><\/div><\/div><\/div><\/section>\n","protected":false},"excerpt":{"rendered":"","protected":false},"author":4,"featured_media":0,"parent":0,"menu_order":0,"comment_status":"closed","ping_status":"closed","template":"","meta":{"footnotes":""},"class_list":["post-3441","page","type-page","status-publish","hentry"],"_links":{"self":[{"href":"https:\/\/www.mediaformlanguages.org\/esol\/wp-json\/wp\/v2\/pages\/3441","targetHints":{"allow":["GET"]}}],"collection":[{"href":"https:\/\/www.mediaformlanguages.org\/esol\/wp-json\/wp\/v2\/pages"}],"about":[{"href":"https:\/\/www.mediaformlanguages.org\/esol\/wp-json\/wp\/v2\/types\/page"}],"author":[{"embeddable":true,"href":"https:\/\/www.mediaformlanguages.org\/esol\/wp-json\/wp\/v2\/users\/4"}],"replies":[{"embeddable":true,"href":"https:\/\/www.mediaformlanguages.org\/esol\/wp-json\/wp\/v2\/comments?post=3441"}],"version-history":[{"count":3,"href":"https:\/\/www.mediaformlanguages.org\/esol\/wp-json\/wp\/v2\/pages\/3441\/revisions"}],"predecessor-version":[{"id":7843,"href":"https:\/\/www.mediaformlanguages.org\/esol\/wp-json\/wp\/v2\/pages\/3441\/revisions\/7843"}],"wp:attachment":[{"href":"https:\/\/www.mediaformlanguages.org\/esol\/wp-json\/wp\/v2\/media?parent=3441"}],"curies":[{"name":"wp","href":"https:\/\/api.w.org\/{rel}","templated":true}]}}