{"id":30,"date":"2017-01-07T05:00:43","date_gmt":"2017-01-07T05:00:43","guid":{"rendered":"http:\/\/demoapus-wp.com\/campress\/?page_id=30"},"modified":"2025-12-19T13:36:18","modified_gmt":"2025-12-19T13:36:18","slug":"home","status":"publish","type":"page","link":"https:\/\/www.mediaformlanguages.org\/esol\/","title":{"rendered":"Home"},"content":{"rendered":"<p><section class=\"kc-elm kc-css-934492 kc_row rowmtresh\"><div class=\"kc-row-container  kc-container\"><div class=\"kc-wrap-columns\"><div class=\"kc-elm kc-css-590516 kc_col-sm-12 kc_column kc_col-sm-12\"><div class=\"kc-col-container\"><div class=\"kc-elm kc-css-975932 kc_row kc_row_inner\"><div class=\"kc-elm kc-css-826346 kc_col-sm-6 kc_column_inner kc_col-sm-6\"><div class=\"kc_wrapper kc-col-inner-container\"><div class=\"kc-elm kc-css-496423 kc_text_block\"><\/p>\n<p>\n<\/div><\/div><\/div><div class=\"kc-elm kc-css-850467 kc_col-sm-6 kc_column_inner kc_col-sm-6\"><div class=\"kc_wrapper kc-col-inner-container\"><div class=\"kc-elm kc-css-704122 kc_text_block\"><\/p>\n<p>\n<\/div><\/div><\/div><\/div><div class=\"kc-elm kc-css-575214\" style=\"height: 47px; clear: both; width:100%;\"><\/div><div class=\"kc-elm kc-css-902428 kc_row kc_row_inner\"><div class=\"kc-elm kc-css-222948 kc_col-sm-12 kc_column_inner kc_col-sm-12\"><div class=\"kc_wrapper kc-col-inner-container\"><div class=\"kc-elm kc-css-357919\" style=\"height: 3px; clear: both; width:100%;\"><\/div><div class=\"kc-elm kc-css-187265 kc_text_block\"><\/p>\n<div style=\"max-width: 900px; margin: -20px auto; background-color: #ffffff; padding: 30px 40px; box-shadow: 0 4px 12px rgba(0, 0, 0, 0.1); border-radius: 12px; font-family: &#039;Poppins&#039;, sans-serif; color: #333; font-size: 13px; line-height: 1.6; letter-spacing: 0.2px;\">\n<p data-start=\"200\" data-end=\"647\"><strong data-start=\"200\" data-end=\"222\">MEDIAFORM E.Q.I.A.<\/strong> produce da anni test e certificazioni linguistiche per tutti i livelli del <strong data-start=\"298\" data-end=\"306\">QCER<\/strong>, nel rispetto degli standard del <strong data-start=\"340\" data-end=\"394\">Quadro Comune Europeo di Riferimento per le Lingue<\/strong>. Le qualifiche, articolate in quattro prove (interazione orale, comprensione orale, comprensione scritta, produzione scritta), sono progettate secondo le linee guida QCER e i principi di validit\u00e0, affidabilit\u00e0 ed equit\u00e0 della valutazione linguistica.<\/p>\n<p data-start=\"654\" data-end=\"996\">L\u2019ente opera inoltre in coerenza con le <strong data-start=\"694\" data-end=\"754\">buone pratiche internazionali di valutazione linguistica<\/strong> promosse dall\u2019<strong data-start=\"769\" data-end=\"821\">Association of Language Testers in Europe (ALTE)<\/strong>, di cui <strong data-start=\"830\" data-end=\"852\">Mediaform \u00e8 membro associato<\/strong>, adottando un approccio docimologico allineato agli standard europei in materia di progettazione, somministrazione e valutazione delle prove.<\/p>\n<p data-start=\"1003\" data-end=\"1242\">Le certificazioni sono destinate a docenti e candidati non madrelingua e mirano a fornire attestazioni di competenza linguistica utilizzabili in ambito educativo e professionale, in un quadro di riferimento europeo condiviso e trasparente.<\/p>\n<p style=\"margin-bottom: 20px;\"><strong>Mediaform Qualifications<\/strong> adotta pratiche digitali e sostenibili per una certificazione di qualit\u00e0 nel rispetto dell\u2019ambiente: meno carta, pi\u00f9 consapevolezza.<\/p>\n<p style=\"font-weight: 600; font-size: 14px; color: #005b9f;\">Mediaform, la qualit\u00e0 che certifica, il futuro che rispetta.<\/p>\n<\/div>\n<p>\n<\/div><\/div><\/div><\/div><div class=\"kc-elm kc-css-755442\" style=\"height: 63px; clear: both; width:100%;\"><\/div><div class=\"kc-elm kc-css-869755 kc_row kc_row_inner\"><div class=\"kc-elm kc-css-315002 kc_col-sm-12 kc_column_inner kc_col-sm-12\"><div class=\"kc_wrapper kc-col-inner-container\"><div class=\"kc-elm kc-css-41257 kc_text_block\"><\/p>\n<p><a href=\"https:\/\/www.mediaformlanguages.org\/mediaform-per-la-sostenibilita-ambientale\/\" style=\"text-decoration: none;\"><\/p>\n<div style=\"background: #e8f5e9; padding: 30px; border-radius: 16px; max-width: 1200px; margin: 0 auto; box-sizing: border-box; display: flex; flex-wrap: wrap; align-items: center; justify-content: center; gap: 20px; text-align: left; cursor: pointer;\">\n        <!-- Immagine cliccabile --><br \/>        <img decoding=\"async\" style=\"height: 100px; width: auto; image-rendering: smooth; max-width: 100%;\" src=\"https:\/\/www.mediaformlanguages.org\/wp-content\/uploads\/2025\/04\/logo-mediaform-per-la-sostenibilita-2-300x300-1-e1745570183970.png\" alt=\"Mediaform Logo\" \/><br \/>        <!-- Testo cliccabile e giustificato a sinistra --><\/p>\n<div style=\"font-family: &#039;Arial&#039;, sans-serif; color: #1f3a68; font-size: 22px; font-weight: bold; flex: 1; min-width: 250px; margin-top: 10px; line-height: 1.5; word-wrap: break-word; text-align: left;\">\n            Scegli i test di lingua online di <span style=\"color: #43a047;\">Mediaform<\/span>: un passo avanti per le tue competenze, un passo in meno per l\u2019impatto ambientale.\n        <\/div>\n<\/div>\n<p><\/a><\/p>\n<p>\n<\/div><div class=\"kc-elm kc-css-139332\" style=\"height: 5px; clear: both; width:100%;\"><\/div><\/div><\/div><\/div><\/div><\/div><\/div><\/div><\/section><section class=\"kc-elm kc-css-605676 kc_row\"><div class=\"kc-row-container  kc-container\"><div class=\"kc-wrap-columns\"><div class=\"kc-elm kc-css-432378 kc_col-sm-12 kc_column kc_col-sm-12\"><div class=\"kc-col-container\">\n<div class=\"kc-elm kc-css-223246 divider_line\">\n\t<div class=\"divider_inner divider_line1\">\n\t\t\t<\/div>\n<\/div>\n<div class=\"kc-elm kc-css-450080 kc_row kc_row_inner\"><div class=\"kc-elm kc-css-279441 kc_col-sm-4 kc_column_inner kc_col-sm-4\"><div class=\"kc_wrapper kc-col-inner-container\"><div class=\"kc-elm kc-css-166244 kc_shortcode kc_single_image\">\n\n        <img decoding=\"async\" src=\"https:\/\/www.mediaformlanguages.org\/esol\/wp-content\/uploads\/2024\/06\/IMG_1463.jpg\" class=\"\" alt=\"\" \/>    <\/div>\n<div class=\"kc-elm kc-css-689404\" style=\"height: 0px; clear: both; width:100%;\"><\/div><\/div><\/div><div class=\"kc-elm kc-css-259752 kc_col-sm-4 kc_column_inner kc_col-sm-4\"><div class=\"kc_wrapper kc-col-inner-container\"><div class=\"kc-elm kc-css-288849 kc_shortcode kc_single_image\">\n\n        <img decoding=\"async\" src=\"https:\/\/www.mediaformlanguages.org\/esol\/wp-content\/uploads\/2024\/06\/IMG_1460.jpg\" class=\"\" alt=\"\" \/>    <\/div>\n<div class=\"kc-elm kc-css-677969\" style=\"height: 0px; clear: both; width:100%;\"><\/div><\/div><\/div><div class=\"kc-elm kc-css-704310 kc_col-sm-4 kc_column_inner kc_col-sm-4\"><div class=\"kc_wrapper kc-col-inner-container\"><div class=\"kc-elm kc-css-754436 kc_shortcode kc_single_image\">\n\n        <img decoding=\"async\" src=\"https:\/\/www.mediaformlanguages.org\/esol\/wp-content\/uploads\/2024\/06\/IMG_1458.jpg\" class=\"\" alt=\"\" \/>    <\/div>\n<div class=\"kc-elm kc-css-752345\" style=\"height: 0px; clear: both; width:100%;\"><\/div><\/div><\/div><\/div><div class=\"kc-elm kc-css-140807 kc_row kc_row_inner\"><div class=\"kc-elm kc-css-150181 kc_col-sm-12 kc_column_inner kc_col-sm-12\"><div class=\"kc_wrapper kc-col-inner-container\">\n<div class=\"kc-elm kc-css-566129 divider_line\">\n\t<div class=\"divider_inner divider_line1\">\n\t\t\t<\/div>\n<\/div>\n<\/div><\/div><\/div><\/div><\/div><\/div><\/div><\/section><section class=\"kc-elm kc-css-646028 kc_row\"><div class=\"kc-row-container  kc-container\"><div class=\"kc-wrap-columns\"><div class=\"kc-elm kc-css-626664 kc_col-sm-12 kc_column kc_col-sm-12\"><div class=\"kc-col-container\"><div class=\"kc-elm kc-css-946862 kc_text_block\"><\/p>\n<h4 style=\"text-align: center; color: #ffffff;\">International professional membership<\/h4>\n<h1 style=\"text-align: center; color: #ffffff;\">PERFEZIONA LE TUE COMPETENZE CON LE MIGLIORI QUALIFICHE<\/h1>\n<p>\n<\/div><div class=\"kc-elm kc-css-282279 kc_text_block\"><\/p>\n<p>\nin linea con il quadro di riferimento delle competenze linguistiche QCER Europeo<\/p>\n<p>\n<\/div><\/div><\/div><\/div><\/div><\/section><section class=\"kc-elm kc-css-252689 kc_row\"><div class=\"kc-row-container  kc-container\"><div class=\"kc-wrap-columns\"><div class=\"kc-elm kc-css-57671 kc_col-sm-12 kc_column kc_col-sm-12\"><div class=\"kc-col-container\"><div class=\"widget-heading-title center_color\">\n\t<h3 class=\"title\">\n\t\tLe certificazioni\t<\/h3>\n\t<div class=\"desc\">Scopri le nostre Certificazioni Linguistiche<\/div>\n<\/div><div class=\"kc-elm kc-css-719507 kc_row kc_row_inner\"><div class=\"kc-elm kc-css-651703 kc_col-sm-6 kc_column_inner kc_col-sm-6\"><div class=\"kc_wrapper kc-col-inner-container\"><div class=\"kc-elm kc-css-469945 kc_row kc_row_inner\"><div class=\"kc-elm kc-css-929827 kc_col-sm-12 kc_column_inner kc_col-sm-12\"><div class=\"kc_wrapper kc-col-inner-container\"><div class=\"kc-elm kc-css-209910\" style=\"height: 20px; clear: both; width:100%;\"><\/div><div class=\"kc-elm kc-css-781003 kc_shortcode kc_single_image\">\n\n        <a  href=\"https:\/\/www.mediaformlanguages.org\/inglese-esol-qualifications\/\" title=\"Mediaform \u2013 ESOL Qualifications\" target=\"_self\">\n        <img decoding=\"async\" src=\"https:\/\/www.mediaformlanguages.org\/esol\/wp-content\/uploads\/2025\/05\/1-1.jpeg\" class=\"\" alt=\"\" \/>    <\/a>\n    <\/div>\n<\/div><\/div><\/div><\/div><\/div><div class=\"kc-elm kc-css-471993 kc_col-sm-6 kc_column_inner kc_col-sm-6\"><div class=\"kc_wrapper kc-col-inner-container\"><div class=\"kc-elm kc-css-662989 kc_row kc_row_inner\"><div class=\"kc-elm kc-css-270521 kc_col-sm-12 kc_column_inner kc_col-sm-12\"><div class=\"kc_wrapper kc-col-inner-container\"><div class=\"kc-elm kc-css-648844 kc_shortcode kc_single_image\">\n\n        <a  href=\"https:\/\/www.mediaformlanguages.org\/spagnolo-dile-qualifications\/\" title=\"MEDIAFORM \u2013 DILE \u201cDIPLOMA DE LENGUA Y CULTURA ESPANOLA\u201d\" target=\"_self\">\n        <img decoding=\"async\" src=\"https:\/\/www.mediaformlanguages.org\/esol\/wp-content\/uploads\/2025\/05\/1.jpeg\" class=\"\" alt=\"\" \/>    <\/a>\n    <\/div>\n<\/div><\/div><\/div><\/div><\/div><\/div>\n<div class=\"kc-elm kc-css-975908 divider_line\">\n\t<div class=\"divider_inner divider_line1\">\n\t\t\t<\/div>\n<\/div>\n<div class=\"kc-elm kc-css-258452 kc_row kc_row_inner\"><div class=\"kc-elm kc-css-129008 kc_col-sm-12 kc_column_inner kc_col-sm-12\"><div class=\"kc_wrapper kc-col-inner-container\"><div class=\"kc-elm kc-css-211347 kc-raw-code\"><\/div><\/div><\/div><\/div><\/div><\/div><\/div><\/div><\/section><section class=\"kc-elm kc-css-910526 kc_row\"><div class=\"kc-row-container  kc-container\"><div class=\"kc-wrap-columns\"><div class=\"kc-elm kc-css-769348 kc_col-sm-12 kc_column kc_col-sm-12\"><div class=\"kc-col-container\"><div class=\"kc-elm kc-css-376388 kc_text_block\"><\/p>\n<p>\nPensa al futuro e inizia a certificare le tue competenze linguistiche<\/p>\n<p>\n<\/div><div class=\"kc-elm kc-css-893556 kc_row kc_row_inner\"><div class=\"kc-elm kc-css-950328 kc_col-sm-4 kc_column_inner kc_col-sm-4\"><div class=\"kc_wrapper kc-col-inner-container\"><div class=\"kc-elm kc-css-225523 kc-feature-boxes kc-fb-layout-1\">\n\n\t<div class=\"content-icon\"><i class=\"mn-icon-1229\"><\/i><\/div><div class=\"content-title\">ALTA QUALITA:apos:<\/div><div class=\"content-desc\">Personale Qualificato e sempre aggiornato per la produzione e somministrazione di Test sicuri e garantiti<\/div>\n<\/div>\n<\/div><\/div><div class=\"kc-elm kc-css-358977 kc_col-sm-4 kc_column_inner kc_col-sm-4\"><div class=\"kc_wrapper kc-col-inner-container\"><div class=\"kc-elm kc-css-569841 kc-feature-boxes kc-fb-layout-1\">\n\n\t<div class=\"content-icon\"><i class=\"mn-icon-422\"><\/i><\/div><div class=\"content-title\">CERTIFICAZIONE DELLE COMPETENZE<\/div><div class=\"content-desc\">Sempre in Linea con il Quadro comune Europeo delle Competenze Linguistiche-Comunicative QCER<\/div>\n<\/div>\n<\/div><\/div><div class=\"kc-elm kc-css-622903 kc_col-sm-4 kc_column_inner kc_col-sm-4\"><div class=\"kc_wrapper kc-col-inner-container\"><div class=\"kc-elm kc-css-323485 kc-feature-boxes kc-fb-layout-1\">\n\n\t<div class=\"content-icon\"><i class=\"mn-icon-1012\"><\/i><\/div><div class=\"content-title\">AGGIORNAMENTO<\/div><div class=\"content-desc\">Aggiornamento costante dei parametri europei del QCER<\/div>\n<\/div>\n<\/div><\/div><\/div><\/div><\/div><\/div><\/div><\/section><section class=\"kc-elm kc-css-173140 kc_row\"><div class=\"kc-row-container  kc-container\"><div class=\"kc-wrap-columns\"><div class=\"kc-elm kc-css-444583 kc_col-sm-12 kc_column kc_col-sm-12\"><div class=\"kc-col-container\"><div class=\"kc-elm kc-css-395225 kc_row kc_row_inner\"><div class=\"kc-elm kc-css-99560 kc_col-sm-12 kc_column_inner kc_col-sm-12\"><div class=\"kc_wrapper kc-col-inner-container\"><div class=\"widget-heading-title center_color\">\n\t<h3 class=\"title\">\n\t\tInternational professional membership\t<\/h3>\n\t<div class=\"desc\">Mediaform \u00e8 membro di importantissime associazioni internazionali<\/div>\n<\/div><\/div><\/div><\/div><div class=\"kc-elm kc-css-359185\" style=\"height: 28px; clear: both; width:100%;\"><\/div>\n<div class=\"kc-elm kc-css-680618 divider_line\">\n\t<div class=\"divider_inner divider_line1\">\n\t\t\t<\/div>\n<\/div>\n<div class=\"kc-elm kc-css-554275 kc_row kc_row_inner\"><div class=\"kc-elm kc-css-338212 kc_col-sm-3 kc_column_inner kc_col-sm-3\"><div class=\"kc_wrapper kc-col-inner-container\"><div class=\"kc-elm kc-css-245793 kc_shortcode kc_single_image\">\n\n        <img decoding=\"async\" src=\"https:\/\/www.mediaformlanguages.org\/esol\/wp-content\/uploads\/2025\/12\/ALTE_Associate_Member-Logo-Jpeg.jpg\" class=\"\" alt=\"\" \/>    <\/div>\n<\/div><\/div><div class=\"kc-elm kc-css-66178 kc_col-sm-3 kc_column_inner kc_col-sm-3\"><div class=\"kc_wrapper kc-col-inner-container\"><div class=\"kc-elm kc-css-543040 kc_shortcode kc_single_image\">\n\n        <img decoding=\"async\" src=\"https:\/\/www.mediaformlanguages.org\/esol\/wp-content\/uploads\/2024\/07\/FUNDACION-LENGUA-e1725356536518.jpg\" class=\"\" alt=\"\" \/>    <\/div>\n<\/div><\/div><div class=\"kc-elm kc-css-371054 kc_col-sm-3 kc_column_inner kc_col-sm-3\"><div class=\"kc_wrapper kc-col-inner-container\"><div class=\"kc-elm kc-css-111933 kc_shortcode kc_single_image\">\n\n        <img decoding=\"async\" src=\"https:\/\/www.mediaformlanguages.org\/esol\/wp-content\/uploads\/2024\/07\/logo-elsa.jpg\" class=\"\" alt=\"\" \/>    <\/div>\n<\/div><\/div><div class=\"kc-elm kc-css-891566 kc_col-sm-3 kc_column_inner kc_col-sm-3\"><div class=\"kc_wrapper kc-col-inner-container\"><div class=\"kc-elm kc-css-591464 kc_shortcode kc_single_image\">\n\n        <img decoding=\"async\" src=\"https:\/\/www.mediaformlanguages.org\/esol\/wp-content\/uploads\/2024\/07\/logo-smind_def.jpg\" class=\"\" alt=\"\" \/>    <\/div>\n<\/div><\/div><\/div>\n<div class=\"kc-elm kc-css-186615 divider_line\">\n\t<div class=\"divider_inner divider_line1\">\n\t\t\t<\/div>\n<\/div>\n<\/div><\/div><\/div><\/div><\/section><\/p>\n","protected":false},"excerpt":{"rendered":"","protected":false},"author":1,"featured_media":0,"parent":0,"menu_order":0,"comment_status":"closed","ping_status":"closed","template":"","meta":{"footnotes":""},"class_list":["post-30","page","type-page","status-publish","hentry"],"_links":{"self":[{"href":"https:\/\/www.mediaformlanguages.org\/esol\/wp-json\/wp\/v2\/pages\/30","targetHints":{"allow":["GET"]}}],"collection":[{"href":"https:\/\/www.mediaformlanguages.org\/esol\/wp-json\/wp\/v2\/pages"}],"about":[{"href":"https:\/\/www.mediaformlanguages.org\/esol\/wp-json\/wp\/v2\/types\/page"}],"author":[{"embeddable":true,"href":"https:\/\/www.mediaformlanguages.org\/esol\/wp-json\/wp\/v2\/users\/1"}],"replies":[{"embeddable":true,"href":"https:\/\/www.mediaformlanguages.org\/esol\/wp-json\/wp\/v2\/comments?post=30"}],"version-history":[{"count":0,"href":"https:\/\/www.mediaformlanguages.org\/esol\/wp-json\/wp\/v2\/pages\/30\/revisions"}],"wp:attachment":[{"href":"https:\/\/www.mediaformlanguages.org\/esol\/wp-json\/wp\/v2\/media?parent=30"}],"curies":[{"name":"wp","href":"https:\/\/api.w.org\/{rel}","templated":true}]}}